{"id":3142,"date":"2022-07-18T14:03:10","date_gmt":"2022-07-18T12:03:10","guid":{"rendered":"http:\/\/pfan-niger.org\/?page_id=3142"},"modified":"2022-07-22T10:56:30","modified_gmt":"2022-07-22T08:56:30","slug":"presentation","status":"publish","type":"page","link":"https:\/\/pfan-niger.org\/index.php\/presentation\/","title":{"rendered":"Pr\u00e9sentation"},"content":{"rendered":"\t\t<div data-elementor-type=\"wp-page\" data-elementor-id=\"3142\" class=\"elementor elementor-3142\">\n\t\t\t\t\t\t<section class=\"elementor-section elementor-top-section elementor-element elementor-element-8421928 elementor-section-full_width elementor-section-stretched elementor-section-height-default elementor-section-height-default wpr-particle-no wpr-jarallax-no wpr-parallax-no wpr-sticky-section-no wpr-equal-height-no\" data-id=\"8421928\" data-element_type=\"section\" data-e-type=\"section\" data-settings=\"{&quot;background_background&quot;:&quot;classic&quot;,&quot;stretch_section&quot;:&quot;section-stretched&quot;}\">\n\t\t\t\t\t\t<div class=\"elementor-container elementor-column-gap-default\">\n\t\t\t\t\t<div class=\"elementor-column elementor-col-100 elementor-top-column elementor-element elementor-element-4c646f1\" data-id=\"4c646f1\" data-element_type=\"column\" data-e-type=\"column\">\n\t\t\t<div class=\"elementor-widget-wrap elementor-element-populated\">\n\t\t\t\t\t\t<section class=\"elementor-section elementor-inner-section elementor-element elementor-element-60bea75 elementor-section-full_width elementor-section-height-default elementor-section-height-default wpr-particle-no wpr-jarallax-no wpr-parallax-no wpr-sticky-section-no wpr-equal-height-no elementor-invisible\" data-id=\"60bea75\" data-element_type=\"section\" data-e-type=\"section\" data-settings=\"{&quot;animation&quot;:&quot;fadeInUp&quot;}\">\n\t\t\t\t\t\t<div class=\"elementor-container elementor-column-gap-default\">\n\t\t\t\t\t<div class=\"elementor-column elementor-col-100 elementor-inner-column elementor-element elementor-element-116fe07\" data-id=\"116fe07\" data-element_type=\"column\" data-e-type=\"column\">\n\t\t\t<div class=\"elementor-widget-wrap elementor-element-populated\">\n\t\t\t\t\t\t<div class=\"elementor-element elementor-element-009c72e eael-infobox-content-align--left eael-infobox-shape-square eael-infobox-hover-img-shape-square elementor-widget elementor-widget-eael-info-box\" data-id=\"009c72e\" data-element_type=\"widget\" data-e-type=\"widget\" data-widget_type=\"eael-info-box.default\">\n\t\t\t\t<div class=\"elementor-widget-container\">\n\t\t\t\t\t        <div class=\"eael-infobox icon-on-top\">\n\t            <div class=\"infobox-icon\">\n\n                            <img decoding=\"async\" src=\"https:\/\/pfan-niger.org\/wp-content\/uploads\/2022\/07\/logopfan.png\" alt=\"\">\n            \n            \n            \n        <\/div>\n            <div class=\"infobox-content\">\n                    <div class=\"infobox-title-section\">\n                <h2 class=\"title\">PRESENTATION<\/h2>            <\/div>\n                    <\/div>\n            <\/div>\n\n\t\t\t\t\t\t<\/div>\n\t\t\t\t<\/div>\n\t\t\t\t<div class=\"elementor-element elementor-element-0dafc08 elementor-widget elementor-widget-togglecontent\" data-id=\"0dafc08\" data-element_type=\"widget\" data-e-type=\"widget\" data-widget_type=\"togglecontent.default\">\n\t\t\t\t<div class=\"elementor-widget-container\">\n\t\t\t\t\t<div class=\"toggle-content-wrapper\"><div class=\"toggle-content-inner\"><div class=\"toggle-content\" data-height=\"150\"><p>Le projet envisag\u00e9 au titre du FPMA a pour objectif d\u2019aider les populations vuln\u00e9rables ainsi que les autorit\u00e9s nationales et locales \u00e0 renforcer leur r\u00e9silience aux risques et \u00e0 la vuln\u00e9rabilit\u00e9 climatiques, en mettant un accent particulier sur la planification et la mise en \u0153uvre de mesures d\u2019adaptation au changement climatique dans le secteur de l\u2019eau.<\/p><p>Les trois principales r\u00e9alisations suivantes en sont attendues\u00a0: i)\u00a0le renforcement des capacit\u00e9s des institutions et communaut\u00e9s nationales en mati\u00e8re de planification et de budg\u00e9tisation de l\u2019adaptation au changement climatique dans le secteur de l\u2019eau, ce qui inclut d\u2019exploiter les possibilit\u00e9s cr\u00e9\u00e9es par un march\u00e9 de l\u2019eau pour renforcer l\u2019adaptation et la r\u00e9silience des populations locales au Niger\u00a0; ii)\u00a0la promotion de la diffusion \u00e0 grande \u00e9chelle de syst\u00e8mes villageois hybrides d\u2019alimentation en eau et d\u2019infrastructures \u00e0 usages multiples \u00e9conomiquement viables, afin de transformer l\u2019acc\u00e8s \u00e0 l\u2019eau en opportunit\u00e9s g\u00e9n\u00e9ratrices de revenus et de renforcer la pr\u00e9paration aux catastrophes\u00a0; et iii)\u00a0la mise en place d\u2019un syst\u00e8me de gestion des connaissances fond\u00e9 sur des donn\u00e9es factuelles afin d\u2019\u00e9clairer les politiques publiques relatives \u00e0 l\u2019adaptation et les investissements li\u00e9s au secteur de l\u2019eau.<\/p><p>Le SE\/CNEDD assurera la mise en \u0153uvre du projet sur une p\u00e9riode de cinq ans aussi bien au niveau national (r\u00e9alisations n<sup>o<\/sup>\u00a01 et 3) qu\u2019au sein des collectivit\u00e9s locales de Tenhiya (r\u00e9gion de Zinder), Tabalak, Kao, Tchintabaraden et Takanamat (r\u00e9gion de Tahoua) et Ouallam et Tindikiwindi (r\u00e9gion de Tillab\u00e9ry) (r\u00e9alisation n<sup>o<\/sup>\u00a02).<\/p><\/div><!-- .toggle-content --><div class=\"toggle-btn-wrap\"><a class=\"toggle-content-trigger\" href=\" btn-default\" href=\"#\" data-less=\"Pr\u00e9c\u00e9dent \"><span class=\"toggle-btn-txt\">Lire la suite<\/span><\/a><\/div><!-- .toggle-btn-wrap --><\/div><!-- .toggle-content-inner --><\/div><!-- .toggle-content-wrapper -->\t\t\t\t<\/div>\n\t\t\t\t<\/div>\n\t\t\t\t\t<\/div>\n\t\t<\/div>\n\t\t\t\t\t<\/div>\n\t\t<\/section>\n\t\t\t\t\t<\/div>\n\t\t<\/div>\n\t\t\t\t\t<\/div>\n\t\t<\/section>\n\t\t\t\t<\/div>\n\t\t","protected":false},"excerpt":{"rendered":"<p>PRESENTATION Le projet envisag\u00e9 au titre du FPMA a pour objectif d\u2019aider les populations vuln\u00e9rables ainsi que les autorit\u00e9s nationales et locales \u00e0 renforcer leur r\u00e9silience aux risques et \u00e0 la vuln\u00e9rabilit\u00e9 climatiques, en mettant un accent particulier sur la planification et la mise en \u0153uvre de mesures d\u2019adaptation au changement climatique dans le secteur de l\u2019eau. Les trois principales r\u00e9alisations suivantes en sont attendues\u00a0: i)\u00a0le renforcement des capacit\u00e9s des institutions et communaut\u00e9s nationales en mati\u00e8re de planification et de budg\u00e9tisation de l\u2019adaptation au changement climatique dans le secteur de l\u2019eau, ce qui inclut d\u2019exploiter les possibilit\u00e9s cr\u00e9\u00e9es par un march\u00e9 de l\u2019eau pour renforcer l\u2019adaptation et la r\u00e9silience des populations locales au Niger\u00a0; ii)\u00a0la promotion de la diffusion \u00e0 grande \u00e9chelle de syst\u00e8mes villageois hybrides d\u2019alimentation en eau et d\u2019infrastructures \u00e0 usages multiples \u00e9conomiquement viables, afin de transformer l\u2019acc\u00e8s \u00e0 l\u2019eau en opportunit\u00e9s g\u00e9n\u00e9ratrices de revenus et de renforcer la pr\u00e9paration aux catastrophes\u00a0; et iii)\u00a0la mise en place d\u2019un syst\u00e8me de gestion des connaissances fond\u00e9 sur des donn\u00e9es factuelles afin d\u2019\u00e9clairer les politiques publiques relatives \u00e0 l\u2019adaptation et les investissements li\u00e9s au secteur de l\u2019eau. Le SE\/CNEDD assurera la mise en \u0153uvre du projet sur une p\u00e9riode de cinq ans aussi bien au niveau national (r\u00e9alisations no\u00a01 et 3) qu\u2019au sein des collectivit\u00e9s locales de Tenhiya (r\u00e9gion de Zinder), Tabalak, Kao, Tchintabaraden et Takanamat (r\u00e9gion de Tahoua) et Ouallam et Tindikiwindi (r\u00e9gion de Tillab\u00e9ry) (r\u00e9alisation no\u00a02). Lire la suite<\/p>\n","protected":false},"author":1,"featured_media":0,"parent":0,"menu_order":0,"comment_status":"closed","ping_status":"closed","template":"","meta":{"footnotes":""},"class_list":["post-3142","page","type-page","status-publish","hentry"],"_links":{"self":[{"href":"https:\/\/pfan-niger.org\/index.php\/wp-json\/wp\/v2\/pages\/3142","targetHints":{"allow":["GET"]}}],"collection":[{"href":"https:\/\/pfan-niger.org\/index.php\/wp-json\/wp\/v2\/pages"}],"about":[{"href":"https:\/\/pfan-niger.org\/index.php\/wp-json\/wp\/v2\/types\/page"}],"author":[{"embeddable":true,"href":"https:\/\/pfan-niger.org\/index.php\/wp-json\/wp\/v2\/users\/1"}],"replies":[{"embeddable":true,"href":"https:\/\/pfan-niger.org\/index.php\/wp-json\/wp\/v2\/comments?post=3142"}],"version-history":[{"count":20,"href":"https:\/\/pfan-niger.org\/index.php\/wp-json\/wp\/v2\/pages\/3142\/revisions"}],"predecessor-version":[{"id":3850,"href":"https:\/\/pfan-niger.org\/index.php\/wp-json\/wp\/v2\/pages\/3142\/revisions\/3850"}],"wp:attachment":[{"href":"https:\/\/pfan-niger.org\/index.php\/wp-json\/wp\/v2\/media?parent=3142"}],"curies":[{"name":"wp","href":"https:\/\/api.w.org\/{rel}","templated":true}]}}